{"id":442,"date":"2023-07-05T15:29:26","date_gmt":"2023-07-05T18:29:26","guid":{"rendered":"https:\/\/gruporimini.com\/?page_id=442"},"modified":"2023-07-05T15:58:20","modified_gmt":"2023-07-05T18:58:20","slug":"fiscal-e-tributario","status":"publish","type":"page","link":"https:\/\/gruporimini.com\/index.php\/fiscal-e-tributario\/","title":{"rendered":"FISCAL E TRIBUT\u00c1RIO"},"content":{"rendered":"\t\t<div data-elementor-type=\"wp-page\" data-elementor-id=\"442\" class=\"elementor elementor-442\">\n\t\t\t\t\t\t\t\t\t<section class=\"elementor-section elementor-top-section elementor-element elementor-element-5287d80 elementor-section-boxed elementor-section-height-default elementor-section-height-default\" data-id=\"5287d80\" data-element_type=\"section\" data-settings=\"{&quot;background_background&quot;:&quot;classic&quot;,&quot;background_motion_fx_motion_fx_scrolling&quot;:&quot;yes&quot;,&quot;background_motion_fx_translateY_effect&quot;:&quot;yes&quot;,&quot;background_motion_fx_translateY_speed&quot;:{&quot;unit&quot;:&quot;px&quot;,&quot;size&quot;:10,&quot;sizes&quot;:[]},&quot;background_motion_fx_range&quot;:&quot;viewport&quot;,&quot;background_motion_fx_translateY_affectedRange&quot;:{&quot;unit&quot;:&quot;%&quot;,&quot;size&quot;:&quot;&quot;,&quot;sizes&quot;:{&quot;start&quot;:0,&quot;end&quot;:100}},&quot;background_motion_fx_devices&quot;:[&quot;desktop&quot;,&quot;tablet&quot;,&quot;mobile&quot;]}\">\n\t\t\t\t\t\t\t<div class=\"elementor-background-overlay\"><\/div>\n\t\t\t\t\t\t\t<div class=\"elementor-container elementor-column-gap-default\">\n\t\t\t\t\t<div class=\"elementor-column elementor-col-100 elementor-top-column elementor-element elementor-element-6afb85bc\" data-id=\"6afb85bc\" data-element_type=\"column\">\n\t\t\t<div class=\"elementor-widget-wrap elementor-element-populated\">\n\t\t\t\t\t\t\t\t<section class=\"elementor-section elementor-inner-section elementor-element elementor-element-369a9406 elementor-section-boxed elementor-section-height-default elementor-section-height-default\" data-id=\"369a9406\" data-element_type=\"section\" data-settings=\"{&quot;background_background&quot;:&quot;classic&quot;}\">\n\t\t\t\t\t\t<div class=\"elementor-container elementor-column-gap-default\">\n\t\t\t\t\t<div class=\"elementor-column elementor-col-100 elementor-inner-column elementor-element elementor-element-43455e57\" data-id=\"43455e57\" data-element_type=\"column\">\n\t\t\t<div class=\"elementor-widget-wrap elementor-element-populated\">\n\t\t\t\t\t\t\t\t<div class=\"elementor-element elementor-element-77f0ec18 de_scroll_animation_no elementor-invisible elementor-widget elementor-widget-heading\" data-id=\"77f0ec18\" data-element_type=\"widget\" data-settings=\"{&quot;_animation&quot;:&quot;fadeInDown&quot;}\" data-widget_type=\"heading.default\">\n\t\t\t\t<div class=\"elementor-widget-container\">\n\t\t\t<style>\/*! elementor - v3.14.0 - 26-06-2023 *\/\n.elementor-heading-title{padding:0;margin:0;line-height:1}.elementor-widget-heading .elementor-heading-title[class*=elementor-size-]>a{color:inherit;font-size:inherit;line-height:inherit}.elementor-widget-heading .elementor-heading-title.elementor-size-small{font-size:15px}.elementor-widget-heading .elementor-heading-title.elementor-size-medium{font-size:19px}.elementor-widget-heading .elementor-heading-title.elementor-size-large{font-size:29px}.elementor-widget-heading .elementor-heading-title.elementor-size-xl{font-size:39px}.elementor-widget-heading .elementor-heading-title.elementor-size-xxl{font-size:59px}<\/style><h4 class=\"elementor-heading-title elementor-size-default\">FISCAL E TRIBUT\u00c1RIO<\/h4>\t\t<\/div>\n\t\t\t\t<\/div>\n\t\t\t\t\t<\/div>\n\t\t<\/div>\n\t\t\t\t\t\t\t<\/div>\n\t\t<\/section>\n\t\t\t\t\t<\/div>\n\t\t<\/div>\n\t\t\t\t\t\t\t<\/div>\n\t\t<\/section>\n\t\t\t\t<section class=\"elementor-section elementor-top-section elementor-element elementor-element-521d4125 elementor-section-content-middle elementor-section-boxed elementor-section-height-default elementor-section-height-default\" data-id=\"521d4125\" data-element_type=\"section\">\n\t\t\t\t\t\t<div class=\"elementor-container elementor-column-gap-default\">\n\t\t\t\t\t<div class=\"elementor-column elementor-col-50 elementor-top-column elementor-element elementor-element-3d559b9b elementor-invisible\" data-id=\"3d559b9b\" data-element_type=\"column\" data-settings=\"{&quot;animation&quot;:&quot;fadeInLeft&quot;}\">\n\t\t\t<div class=\"elementor-widget-wrap elementor-element-populated\">\n\t\t\t\t\t\t\t\t<div class=\"elementor-element elementor-element-430cb07b de_scroll_animation_no elementor-widget elementor-widget-heading\" data-id=\"430cb07b\" data-element_type=\"widget\" data-widget_type=\"heading.default\">\n\t\t\t\t<div class=\"elementor-widget-container\">\n\t\t\t<h2 class=\"elementor-heading-title elementor-size-default\">Grupo Rimini - Pet &amp; Vet<\/h2>\t\t<\/div>\n\t\t\t\t<\/div>\n\t\t\t\t<div class=\"elementor-element elementor-element-8b17abd de_scroll_animation_no elementor-widget elementor-widget-text-editor\" data-id=\"8b17abd\" data-element_type=\"widget\" data-widget_type=\"text-editor.default\">\n\t\t\t\t<div class=\"elementor-widget-container\">\n\t\t\t<style>\/*! elementor - v3.14.0 - 26-06-2023 *\/\n.elementor-widget-text-editor.elementor-drop-cap-view-stacked .elementor-drop-cap{background-color:#69727d;color:#fff}.elementor-widget-text-editor.elementor-drop-cap-view-framed .elementor-drop-cap{color:#69727d;border:3px solid;background-color:transparent}.elementor-widget-text-editor:not(.elementor-drop-cap-view-default) .elementor-drop-cap{margin-top:8px}.elementor-widget-text-editor:not(.elementor-drop-cap-view-default) .elementor-drop-cap-letter{width:1em;height:1em}.elementor-widget-text-editor .elementor-drop-cap{float:left;text-align:center;line-height:1;font-size:50px}.elementor-widget-text-editor .elementor-drop-cap-letter{display:inline-block}<\/style>\t\t\t\t<p><span class=\"WdYUQQ text-decoration-none text-strikethrough-none\">Realizamos consultoria, assessoria e execu\u00e7\u00e3o de servi\u00e7os vinculados \u00e0 \u00e1rea fiscal e tribut\u00e1ria:<\/span><\/p>\t\t\t\t\t\t<\/div>\n\t\t\t\t<\/div>\n\t\t\t\t<div class=\"elementor-element elementor-element-3e9f475 de_scroll_animation_no elementor-widget elementor-widget-text-editor\" data-id=\"3e9f475\" data-element_type=\"widget\" data-widget_type=\"text-editor.default\">\n\t\t\t\t<div class=\"elementor-widget-container\">\n\t\t\t\t\t\t\t<ul><li>Escritura\u00e7\u00e3o fiscal<\/li><li>C\u00e1lculos, apura\u00e7\u00f5es e envio de tributos federais, estaduais e municipais<\/li><li>Escritura\u00e7\u00e3o Fiscal Digital (EFD) &#8211; ICMS e IPI<\/li><li>Escritura\u00e7\u00e3o Fiscal Digital (EFD) Contribui\u00e7\u00f5es &#8211; PIS e COFINS<\/li><li>Consultoria fiscal e tribut\u00e1ria<\/li><li>Verifica\u00e7\u00e3o de ativos e passivos tribut\u00e1rios<\/li><li>Recupera\u00e7\u00e3o de cr\u00e9ditos fiscais<\/li><li>Planejamento tribut\u00e1rio<\/li><li>An\u00e1lises e pareceres de autos de infra\u00e7\u00e3o para fins de defesas fiscais<\/li><li>Lan\u00e7amento das notas<\/li><li>Emiss\u00e3o dos livros fiscais<\/li><li>Apura\u00e7\u00e3o dos impostos<\/li><li>Obriga\u00e7\u00f5es acess\u00f3rias pertinentes ao regime tribut\u00e1rio da empresa<\/li><\/ul>\t\t\t\t\t\t<\/div>\n\t\t\t\t<\/div>\n\t\t\t\t\t<\/div>\n\t\t<\/div>\n\t\t\t\t<div class=\"elementor-column elementor-col-50 elementor-top-column elementor-element elementor-element-b19c164 animated-fast elementor-invisible\" data-id=\"b19c164\" data-element_type=\"column\" data-settings=\"{&quot;animation&quot;:&quot;fadeInRight&quot;,&quot;animation_delay&quot;:200}\">\n\t\t\t<div class=\"elementor-widget-wrap elementor-element-populated\">\n\t\t\t\t\t\t\t\t<div class=\"elementor-element elementor-element-f01df30 de_scroll_animation_no elementor-widget elementor-widget-image\" data-id=\"f01df30\" data-element_type=\"widget\" data-widget_type=\"image.default\">\n\t\t\t\t<div class=\"elementor-widget-container\">\n\t\t\t<style>\/*! elementor - v3.14.0 - 26-06-2023 *\/\n.elementor-widget-image{text-align:center}.elementor-widget-image a{display:inline-block}.elementor-widget-image a img[src$=\".svg\"]{width:48px}.elementor-widget-image img{vertical-align:middle;display:inline-block}<\/style>\t\t\t\t\t\t\t\t\t\t\t\t<img width=\"1074\" height=\"1600\" src=\"https:\/\/gruporimini.com\/wp-content\/uploads\/2023\/07\/Design-sem-nome-2023-07-05T153126.418.png\" class=\"attachment-full size-full wp-image-444\" alt=\"\" decoding=\"async\" loading=\"lazy\" srcset=\"https:\/\/gruporimini.com\/wp-content\/uploads\/2023\/07\/Design-sem-nome-2023-07-05T153126.418.png 1074w, https:\/\/gruporimini.com\/wp-content\/uploads\/2023\/07\/Design-sem-nome-2023-07-05T153126.418-201x300.png 201w, https:\/\/gruporimini.com\/wp-content\/uploads\/2023\/07\/Design-sem-nome-2023-07-05T153126.418-687x1024.png 687w, https:\/\/gruporimini.com\/wp-content\/uploads\/2023\/07\/Design-sem-nome-2023-07-05T153126.418-768x1144.png 768w, https:\/\/gruporimini.com\/wp-content\/uploads\/2023\/07\/Design-sem-nome-2023-07-05T153126.418-1031x1536.png 1031w\" sizes=\"(max-width: 1074px) 100vw, 1074px\" \/>\t\t\t\t\t\t\t\t\t\t\t\t\t\t\t<\/div>\n\t\t\t\t<\/div>\n\t\t\t\t\t<\/div>\n\t\t<\/div>\n\t\t\t\t\t\t\t<\/div>\n\t\t<\/section>\n\t\t\t\t\t\t\t<\/div>\n\t\t","protected":false},"excerpt":{"rendered":"<p>FISCAL E TRIBUT\u00c1RIO Grupo Rimini &#8211; Pet &amp; Vet Realizamos consultoria, assessoria e execu\u00e7\u00e3o de servi\u00e7os vinculados \u00e0 \u00e1rea fiscal e tribut\u00e1ria: Escritura\u00e7\u00e3o fiscal C\u00e1lculos, apura\u00e7\u00f5es e envio de tributos federais, estaduais e municipais Escritura\u00e7\u00e3o Fiscal Digital (EFD) &#8211; ICMS e IPI Escritura\u00e7\u00e3o Fiscal Digital (EFD) Contribui\u00e7\u00f5es &#8211; PIS e COFINS Consultoria fiscal e tribut\u00e1ria &hellip;<\/p>\n<p class=\"read-more\"> <a class=\"\" href=\"https:\/\/gruporimini.com\/index.php\/fiscal-e-tributario\/\"> <span class=\"screen-reader-text\">FISCAL E TRIBUT\u00c1RIO<\/span> Leia mais &raquo;<\/a><\/p>\n","protected":false},"author":1,"featured_media":0,"parent":0,"menu_order":0,"comment_status":"closed","ping_status":"closed","template":"","meta":{"site-sidebar-layout":"no-sidebar","site-content-layout":"page-builder","ast-global-header-display":"","ast-banner-title-visibility":"","ast-main-header-display":"","ast-hfb-above-header-display":"","ast-hfb-below-header-display":"","ast-hfb-mobile-header-display":"","site-post-title":"disabled","ast-breadcrumbs-content":"","ast-featured-img":"disabled","footer-sml-layout":"","theme-transparent-header-meta":"","adv-header-id-meta":"","stick-header-meta":"","header-above-stick-meta":"","header-main-stick-meta":"","header-below-stick-meta":""},"_links":{"self":[{"href":"https:\/\/gruporimini.com\/index.php\/wp-json\/wp\/v2\/pages\/442"}],"collection":[{"href":"https:\/\/gruporimini.com\/index.php\/wp-json\/wp\/v2\/pages"}],"about":[{"href":"https:\/\/gruporimini.com\/index.php\/wp-json\/wp\/v2\/types\/page"}],"author":[{"embeddable":true,"href":"https:\/\/gruporimini.com\/index.php\/wp-json\/wp\/v2\/users\/1"}],"replies":[{"embeddable":true,"href":"https:\/\/gruporimini.com\/index.php\/wp-json\/wp\/v2\/comments?post=442"}],"version-history":[{"count":13,"href":"https:\/\/gruporimini.com\/index.php\/wp-json\/wp\/v2\/pages\/442\/revisions"}],"predecessor-version":[{"id":500,"href":"https:\/\/gruporimini.com\/index.php\/wp-json\/wp\/v2\/pages\/442\/revisions\/500"}],"wp:attachment":[{"href":"https:\/\/gruporimini.com\/index.php\/wp-json\/wp\/v2\/media?parent=442"}],"curies":[{"name":"wp","href":"https:\/\/api.w.org\/{rel}","templated":true}]}}