{"id":429,"date":"2023-07-05T15:29:09","date_gmt":"2023-07-05T18:29:09","guid":{"rendered":"https:\/\/gruporimini.com\/?page_id=429"},"modified":"2023-07-05T15:58:57","modified_gmt":"2023-07-05T18:58:57","slug":"assessoria-contabil","status":"publish","type":"page","link":"https:\/\/gruporimini.com\/index.php\/assessoria-contabil\/","title":{"rendered":"ASSESSORIA CONT\u00c1BIL"},"content":{"rendered":"\t\t<div data-elementor-type=\"wp-page\" data-elementor-id=\"429\" class=\"elementor elementor-429\">\n\t\t\t\t\t\t\t\t\t<section class=\"elementor-section elementor-top-section elementor-element elementor-element-5287d80 elementor-section-boxed elementor-section-height-default elementor-section-height-default\" data-id=\"5287d80\" data-element_type=\"section\" data-settings=\"{&quot;background_background&quot;:&quot;classic&quot;,&quot;background_motion_fx_motion_fx_scrolling&quot;:&quot;yes&quot;,&quot;background_motion_fx_translateY_effect&quot;:&quot;yes&quot;,&quot;background_motion_fx_translateY_speed&quot;:{&quot;unit&quot;:&quot;px&quot;,&quot;size&quot;:10,&quot;sizes&quot;:[]},&quot;background_motion_fx_range&quot;:&quot;viewport&quot;,&quot;background_motion_fx_translateY_affectedRange&quot;:{&quot;unit&quot;:&quot;%&quot;,&quot;size&quot;:&quot;&quot;,&quot;sizes&quot;:{&quot;start&quot;:0,&quot;end&quot;:100}},&quot;background_motion_fx_devices&quot;:[&quot;desktop&quot;,&quot;tablet&quot;,&quot;mobile&quot;]}\">\n\t\t\t\t\t\t\t<div class=\"elementor-background-overlay\"><\/div>\n\t\t\t\t\t\t\t<div class=\"elementor-container elementor-column-gap-default\">\n\t\t\t\t\t<div class=\"elementor-column elementor-col-100 elementor-top-column elementor-element elementor-element-6afb85bc\" data-id=\"6afb85bc\" data-element_type=\"column\">\n\t\t\t<div class=\"elementor-widget-wrap elementor-element-populated\">\n\t\t\t\t\t\t\t\t<section class=\"elementor-section elementor-inner-section elementor-element elementor-element-369a9406 elementor-section-boxed elementor-section-height-default elementor-section-height-default\" data-id=\"369a9406\" data-element_type=\"section\">\n\t\t\t\t\t\t<div class=\"elementor-container elementor-column-gap-default\">\n\t\t\t\t\t<div class=\"elementor-column elementor-col-100 elementor-inner-column elementor-element elementor-element-43455e57\" data-id=\"43455e57\" data-element_type=\"column\">\n\t\t\t<div class=\"elementor-widget-wrap elementor-element-populated\">\n\t\t\t\t\t\t\t\t<div class=\"elementor-element elementor-element-77f0ec18 de_scroll_animation_no elementor-invisible elementor-widget elementor-widget-heading\" data-id=\"77f0ec18\" data-element_type=\"widget\" data-settings=\"{&quot;_animation&quot;:&quot;fadeInDown&quot;}\" data-widget_type=\"heading.default\">\n\t\t\t\t<div class=\"elementor-widget-container\">\n\t\t\t<style>\/*! elementor - v3.14.0 - 26-06-2023 *\/\n.elementor-heading-title{padding:0;margin:0;line-height:1}.elementor-widget-heading .elementor-heading-title[class*=elementor-size-]>a{color:inherit;font-size:inherit;line-height:inherit}.elementor-widget-heading .elementor-heading-title.elementor-size-small{font-size:15px}.elementor-widget-heading .elementor-heading-title.elementor-size-medium{font-size:19px}.elementor-widget-heading .elementor-heading-title.elementor-size-large{font-size:29px}.elementor-widget-heading .elementor-heading-title.elementor-size-xl{font-size:39px}.elementor-widget-heading .elementor-heading-title.elementor-size-xxl{font-size:59px}<\/style><h4 class=\"elementor-heading-title elementor-size-default\">ASSESSORIA CONT\u00c1BIL<\/h4>\t\t<\/div>\n\t\t\t\t<\/div>\n\t\t\t\t\t<\/div>\n\t\t<\/div>\n\t\t\t\t\t\t\t<\/div>\n\t\t<\/section>\n\t\t\t\t\t<\/div>\n\t\t<\/div>\n\t\t\t\t\t\t\t<\/div>\n\t\t<\/section>\n\t\t\t\t<section class=\"elementor-section elementor-top-section elementor-element elementor-element-521d4125 elementor-section-content-middle elementor-section-boxed elementor-section-height-default elementor-section-height-default\" data-id=\"521d4125\" data-element_type=\"section\">\n\t\t\t\t\t\t<div class=\"elementor-container elementor-column-gap-default\">\n\t\t\t\t\t<div class=\"elementor-column elementor-col-50 elementor-top-column elementor-element elementor-element-3d559b9b elementor-invisible\" data-id=\"3d559b9b\" data-element_type=\"column\" data-settings=\"{&quot;animation&quot;:&quot;fadeInLeft&quot;}\">\n\t\t\t<div class=\"elementor-widget-wrap elementor-element-populated\">\n\t\t\t\t\t\t\t\t<div class=\"elementor-element elementor-element-430cb07b de_scroll_animation_no elementor-widget elementor-widget-heading\" data-id=\"430cb07b\" data-element_type=\"widget\" data-widget_type=\"heading.default\">\n\t\t\t\t<div class=\"elementor-widget-container\">\n\t\t\t<h2 class=\"elementor-heading-title elementor-size-default\">Grupo Rimini - Pet &amp; Vet<\/h2>\t\t<\/div>\n\t\t\t\t<\/div>\n\t\t\t\t<div class=\"elementor-element elementor-element-8b17abd de_scroll_animation_no elementor-widget elementor-widget-text-editor\" data-id=\"8b17abd\" data-element_type=\"widget\" data-widget_type=\"text-editor.default\">\n\t\t\t\t<div class=\"elementor-widget-container\">\n\t\t\t<style>\/*! elementor - v3.14.0 - 26-06-2023 *\/\n.elementor-widget-text-editor.elementor-drop-cap-view-stacked .elementor-drop-cap{background-color:#69727d;color:#fff}.elementor-widget-text-editor.elementor-drop-cap-view-framed .elementor-drop-cap{color:#69727d;border:3px solid;background-color:transparent}.elementor-widget-text-editor:not(.elementor-drop-cap-view-default) .elementor-drop-cap{margin-top:8px}.elementor-widget-text-editor:not(.elementor-drop-cap-view-default) .elementor-drop-cap-letter{width:1em;height:1em}.elementor-widget-text-editor .elementor-drop-cap{float:left;text-align:center;line-height:1;font-size:50px}.elementor-widget-text-editor .elementor-drop-cap-letter{display:inline-block}<\/style>\t\t\t\t<p><span class=\"WdYUQQ text-decoration-none text-strikethrough-none\">Realizamos Consultoria, Assessoria e execu\u00e7\u00e3o de servi\u00e7os de contabilidade, em especial:<\/span><\/p>\t\t\t\t\t\t<\/div>\n\t\t\t\t<\/div>\n\t\t\t\t<div class=\"elementor-element elementor-element-3e9f475 de_scroll_animation_no elementor-widget elementor-widget-text-editor\" data-id=\"3e9f475\" data-element_type=\"widget\" data-widget_type=\"text-editor.default\">\n\t\t\t\t<div class=\"elementor-widget-container\">\n\t\t\t\t\t\t\t<ul><li>An\u00e1lise dos documentos (despesas, recebimentos, extratos banc\u00e1rios, relat\u00f3rios e outros)<\/li><li>Levantamento de Balancetes e outros relat\u00f3rios cont\u00e1beis<\/li><li>Escritura\u00e7\u00e3o cont\u00e1bil<\/li><li>Elabora\u00e7\u00e3o das demonstra\u00e7\u00f5es cont\u00e1beis:<ul><li>Balan\u00e7o Patrimonial (BP)<\/li><li>Demonstra\u00e7\u00e3o do Resultado do Exerc\u00edcio (DRE)<\/li><li>Demonstra\u00e7\u00e3o dos Lucros ou Preju\u00edzos Acumulados (DLPA)<\/li><li>Demonstra\u00e7\u00e3o das Muta\u00e7\u00f5es do Patrim\u00f4nio L\u00edquido (DMPL)<\/li><li>Demonstra\u00e7\u00e3o dos Fluxos de Caixa (DFC)<\/li><\/ul><\/li><li>An\u00e1lise das demonstra\u00e7\u00f5es cont\u00e1beis<\/li><li>Consolida\u00e7\u00e3o de demonstra\u00e7\u00f5es cont\u00e1beis<\/li><li>Emiss\u00e3o de relat\u00f3rios (Demonstra\u00e7\u00f5es cont\u00e1beis, Livro di\u00e1rio e outros)<\/li><li>Emiss\u00e3o dos Livros Cont\u00e1beis, seja na forma convencional ou digital<\/li><li>Atendimento \u00e0s obriga\u00e7\u00f5es vinculadas ao SPED (Escritura\u00e7\u00e3o Cont\u00e1bil Digital e FCONT)<\/li><li>Lan\u00e7amentos<\/li><li>Concilia\u00e7\u00e3o de todas as contas do raz\u00e3o<\/li><li>Controle do caixa<\/li><li>Obriga\u00e7\u00f5es acess\u00f3rias<\/li><\/ul>\t\t\t\t\t\t<\/div>\n\t\t\t\t<\/div>\n\t\t\t\t\t<\/div>\n\t\t<\/div>\n\t\t\t\t<div class=\"elementor-column elementor-col-50 elementor-top-column elementor-element elementor-element-b19c164 animated-fast elementor-invisible\" data-id=\"b19c164\" data-element_type=\"column\" data-settings=\"{&quot;animation&quot;:&quot;fadeInRight&quot;,&quot;animation_delay&quot;:200}\">\n\t\t\t<div class=\"elementor-widget-wrap elementor-element-populated\">\n\t\t\t\t\t\t\t\t<div class=\"elementor-element elementor-element-f01df30 de_scroll_animation_no elementor-widget elementor-widget-image\" data-id=\"f01df30\" data-element_type=\"widget\" data-widget_type=\"image.default\">\n\t\t\t\t<div class=\"elementor-widget-container\">\n\t\t\t<style>\/*! elementor - v3.14.0 - 26-06-2023 *\/\n.elementor-widget-image{text-align:center}.elementor-widget-image a{display:inline-block}.elementor-widget-image a img[src$=\".svg\"]{width:48px}.elementor-widget-image img{vertical-align:middle;display:inline-block}<\/style>\t\t\t\t\t\t\t\t\t\t\t\t<img width=\"1074\" height=\"1600\" src=\"https:\/\/gruporimini.com\/wp-content\/uploads\/2023\/07\/Imagem-do-WhatsApp-de-2023-07-04-as-18.42.02.jpg\" class=\"attachment-full size-full wp-image-216\" alt=\"\" decoding=\"async\" loading=\"lazy\" srcset=\"https:\/\/gruporimini.com\/wp-content\/uploads\/2023\/07\/Imagem-do-WhatsApp-de-2023-07-04-as-18.42.02.jpg 1074w, https:\/\/gruporimini.com\/wp-content\/uploads\/2023\/07\/Imagem-do-WhatsApp-de-2023-07-04-as-18.42.02-201x300.jpg 201w, https:\/\/gruporimini.com\/wp-content\/uploads\/2023\/07\/Imagem-do-WhatsApp-de-2023-07-04-as-18.42.02-687x1024.jpg 687w, https:\/\/gruporimini.com\/wp-content\/uploads\/2023\/07\/Imagem-do-WhatsApp-de-2023-07-04-as-18.42.02-768x1144.jpg 768w, https:\/\/gruporimini.com\/wp-content\/uploads\/2023\/07\/Imagem-do-WhatsApp-de-2023-07-04-as-18.42.02-1031x1536.jpg 1031w\" sizes=\"(max-width: 1074px) 100vw, 1074px\" \/>\t\t\t\t\t\t\t\t\t\t\t\t\t\t\t<\/div>\n\t\t\t\t<\/div>\n\t\t\t\t\t<\/div>\n\t\t<\/div>\n\t\t\t\t\t\t\t<\/div>\n\t\t<\/section>\n\t\t\t\t\t\t\t<\/div>\n\t\t","protected":false},"excerpt":{"rendered":"<p>ASSESSORIA CONT\u00c1BIL Grupo Rimini &#8211; Pet &amp; Vet Realizamos Consultoria, Assessoria e execu\u00e7\u00e3o de servi\u00e7os de contabilidade, em especial: An\u00e1lise dos documentos (despesas, recebimentos, extratos banc\u00e1rios, relat\u00f3rios e outros) Levantamento de Balancetes e outros relat\u00f3rios cont\u00e1beis Escritura\u00e7\u00e3o cont\u00e1bil Elabora\u00e7\u00e3o das demonstra\u00e7\u00f5es cont\u00e1beis: Balan\u00e7o Patrimonial (BP) Demonstra\u00e7\u00e3o do Resultado do Exerc\u00edcio (DRE) Demonstra\u00e7\u00e3o dos Lucros ou &hellip;<\/p>\n<p class=\"read-more\"> <a class=\"\" href=\"https:\/\/gruporimini.com\/index.php\/assessoria-contabil\/\"> <span class=\"screen-reader-text\">ASSESSORIA CONT\u00c1BIL<\/span> Leia mais &raquo;<\/a><\/p>\n","protected":false},"author":1,"featured_media":0,"parent":0,"menu_order":0,"comment_status":"closed","ping_status":"closed","template":"","meta":{"site-sidebar-layout":"no-sidebar","site-content-layout":"page-builder","ast-global-header-display":"","ast-banner-title-visibility":"","ast-main-header-display":"","ast-hfb-above-header-display":"","ast-hfb-below-header-display":"","ast-hfb-mobile-header-display":"","site-post-title":"disabled","ast-breadcrumbs-content":"","ast-featured-img":"disabled","footer-sml-layout":"","theme-transparent-header-meta":"","adv-header-id-meta":"","stick-header-meta":"","header-above-stick-meta":"","header-main-stick-meta":"","header-below-stick-meta":""},"_links":{"self":[{"href":"https:\/\/gruporimini.com\/index.php\/wp-json\/wp\/v2\/pages\/429"}],"collection":[{"href":"https:\/\/gruporimini.com\/index.php\/wp-json\/wp\/v2\/pages"}],"about":[{"href":"https:\/\/gruporimini.com\/index.php\/wp-json\/wp\/v2\/types\/page"}],"author":[{"embeddable":true,"href":"https:\/\/gruporimini.com\/index.php\/wp-json\/wp\/v2\/users\/1"}],"replies":[{"embeddable":true,"href":"https:\/\/gruporimini.com\/index.php\/wp-json\/wp\/v2\/comments?post=429"}],"version-history":[{"count":7,"href":"https:\/\/gruporimini.com\/index.php\/wp-json\/wp\/v2\/pages\/429\/revisions"}],"predecessor-version":[{"id":503,"href":"https:\/\/gruporimini.com\/index.php\/wp-json\/wp\/v2\/pages\/429\/revisions\/503"}],"wp:attachment":[{"href":"https:\/\/gruporimini.com\/index.php\/wp-json\/wp\/v2\/media?parent=429"}],"curies":[{"name":"wp","href":"https:\/\/api.w.org\/{rel}","templated":true}]}}